Is q(-13) prime?
False
Suppose 2*v - 5*q = 93, 0 = -4*v + 2*q + q + 165. Let t(m) = 2*m**3 + 5*m**2 + 17*m - 118. Let w be t(5). Let j = v + w. Is j a composite number?
True
Let j = -9134 + 39873. Is j composite?
True
Suppose 0 = 59*a - a - 46*a - 653340. Is a prime?
False
Let m(r) = -r**3 - 7*r**2 + 4. Let j be m(-7). Let n(o) = -j*o**2 + 2 + 2*o - 3*o + 3*o**2 - 17*o**3 + 14*o**3. Is n(-3) composite?
True
Suppose -2*b = 3*q - 2793, 4*b - 5577 = 4*q - q. Let o = 96 + b. Suppose 4*u - o = 137. Is u composite?
True
Let j(g) = -g - 1. Let x(m) = -646*m + 3. Let b(f) = -j(f) + x(f). Let y be b(-6). Suppose 2*l - y + 1152 = 0. Is l a composite number?
False
Let t be ((-1)/2)/(124/64 - 2). Let k(u) be the second derivative of -u**5/20 + 5*u**4/6 - u**3/6 + 11*u**2/2 + u. Is k(t) a composite number?
False
Suppose -287*f + 163811749 = 264*f. Is f a prime number?
False
Let t(i) = -18*i - 58. Let f be t(-3). Is 5/(120/50667) + f/32 prime?
True
Let j = 567327 - 359978. Is j a composite number?
True
Suppose -2 = l, -i - 4*l + l + 50 = 0. Suppose w - i = 1216. Suppose -5*k + w = -t, 2*k + 4*t = 2*t + 504. Is k composite?
True
Let x(c) = 76*c + 62*c + 60*c - 54*c - 98. Is x(13) prime?
False
Let t be (-2593)/(-3) + (-4)/(-6). Let y = 3530 - 3062. Let s = t - y. Is s a prime number?
True
Suppose 5*v = 2*n - 506919, 5*n - 1128024 - 139257 = -4*v. Is n a composite number?
True
Let z be (-2)/(-9) + (-541567)/(-117). Suppose 4*a - 11855 = z. Is a prime?
False
Suppose 10*c + c = -5*c + 723728. Is c a prime number?
True
Let a be 3/(-8)*-4 - (-6801)/2. Suppose -261 + a = 5*q + u, 4*u - 2500 = -4*q. Is q composite?
True
Let j(y) = -6*y**3 + 9*y**2 - 22*y - 9. Let s(x) = -12*x**3 + 19*x**2 - 45*x - 17. Let g(b) = -7*j(b) + 3*s(b). Is g(10) a prime number?
False
Let b(k) = 3*k - 1. Let t be b(1). Suppose -7*n = -t*n - 5. Is n*2455/(-5)*-1 composite?
False
Let w = 647 - 567. Let u = w - -629. Is u a composite number?
False
Let h be ((-30)/35)/((-4)/4844) + 3. Is 2/((-2)/2)*h/(-6) a composite number?
False
Let r(d) = 2781*d + 3626. Is r(13) composite?
False
Is (10/((-60)/(-9)) - (-4 - -6))*-510158 prime?
False
Is 14826 + ((-1)/(8/68) - 14/(-4)) prime?
True
Let b = 39120 + -18487. Is b composite?
True
Suppose -2*p = 2*f - 8, -4*f - 4*p + 4 = -3*p. Suppose f = 175*o - 178*o + 9474. Is o a prime number?
False
Let p(m) = -114965*m - 1787. Is p(-32) prime?
False
Let x(k) = k**3 - 7*k**2 + 5*k + 2. Let d be x(7). Let z = d + -47. Is (302775/z)/(-5)*(-4)/(-6) composite?
True
Let z be ((-8)/(-3) + -2)*-3 + -64. Let c = z - -68. Suppose -3*q = c*q - 745. Is q composite?
False
Let q(v) = -32*v**3 - 23*v**2 - v + 9. Is q(-4) a prime number?
True
Let y = 14817 - 3262. Suppose 1 = u, 6*u - 3*u + y = 2*s. Is s composite?
False
Let t(l) = -3*l**2 - 23*l + 40. Let b be t(-9). Suppose -2*n = b*d - 2084, 4*n - n + 521 = d. Is d composite?
False
Suppose 60*s - 5992830 = -30*s. Is s prime?
True
Let x be 5/(3*(-9)/27). Is 5058 + (x - 12/6) prime?
True
Suppose -5*a = -2*a - 12. Let s = a + -20. Let m(o) = o**2 - 16*o + 15. Is m(s) prime?
False
Suppose 0 = -3*f + 4*w - 0*w + 993827, 0 = -f - 4*w + 331297. Suppose f = 28*p + 74437. Is p composite?
False
Is (-6)/(-36) - 17599040/(-384) a composite number?
True
Let d(n) = 12*n**2 + 122*n - 1087. Is d(46) a prime number?
True
Is (-3 + -1)/(-4)*67994 - (-21 + 18) composite?
True
Let o(l) = 31*l - 7 + 17 + 22*l - 13. Is o(4) prime?
False
Suppose -12*r + 10 = -17*r. Is (40/(-120))/(r/43314) prime?
True
Let r = 172918 - 109697. Is r prime?
False
Suppose -98*x = -99*x + 3. Let m(b) = b - 5. Let z be m(7). Suppose -3*l = 15, 0 = z*j - 2*l + x*l - 989. Is j prime?
False
Suppose 1872 = 5*d - 4*t, 4*d - t - 1482 = -3*t. Let x = d + -153. Is x prime?
False
Suppose -45*c + 35*c = 31*c - 23406121. Is c a prime number?
True
Let s(i) = -i**2 - 9*i - 11. Let u be s(-7). Suppose u*t = -3*t + 1818. Let a = 494 + t. Is a a prime number?
True
Let o(n) = -2912*n + 449. Is o(-112) prime?
True
Suppose 4*y + 2*b - 394 = 0, -2*y - 2*b + 158 + 36 = 0. Is 4267625/y - 9/(-12) a prime number?
True
Is 825526*5/(4 + 6) composite?
True
Suppose -229*m + 5476830 = -199*m. Is m a prime number?
True
Suppose -305*z + 287*z + 5645466 = 0. Is z a composite number?
False
Suppose 40 = 7*r - 86. Let n be (-75588)/(-9)*r/4. Suppose 20*x + 14814 = n. Is x a composite number?
True
Let l be (4/14)/((117/(-126))/(-13)). Suppose -3*g + 9240 = -3*b, -l*g = -3*b + g - 9248. Is ((-11)/(-22))/((-2)/b) a prime number?
True
Let m(k) = k**3 + 9*k**2 - 17*k - 9. Suppose -30 = -2*p + 34. Suppose 0 = -6*s + 2*s - p. Is m(s) a prime number?
True
Suppose 39*w + 221*w = 477620. Is w a composite number?
True
Suppose 360*k - 91200204 = 39793356. Is k a prime number?
True
Let u be (-40)/(-12)*(-18)/15. Let k be (-10)/u*(-20)/25*-1. Is (2137 + 1)*k/4 a composite number?
False
Let d(f) be the first derivative of 71*f**3/2 - 5*f**2 - 19*f - 44. Let a(h) be the first derivative of d(h). Is a(5) a prime number?
False
Let c be (-12)/(-10)*(-15)/(-6). Suppose 24 = u - 2*d, -4*u - c*d = 2*d - 70. Is ((-2426)/4)/(u/8 - 3) a prime number?
True
Let x(p) be the third derivative of p**4/12 + 11*p**3/6 + 28*p**2. Let n be x(-4). Suppose -r - n*q + 121 = -115, r + 5*q - 238 = 0. Is r a prime number?
True
Let v = -387862 + 782765. Is v prime?
False
Suppose 9*f - 62828 = 54478. Suppose b = -2, 4*b = 20*v - 22*v + f. Is v composite?
False
Let j be 11/(-22)*(-2 + 2). Suppose j = -4*i - 2*b + 10050, 12567 = -2*i + 7*i - 2*b. Is i composite?
True
Suppose 8*h + 2*h - 6999 = 7*h. Is h prime?
True
Let j be 1/(-2)*(-31 + 13). Suppose -j*l + 17278 = -8471. Is l a composite number?
False
Is 215949*(-10 + (-155)/(-15)) composite?
False
Is (-78133244)/(-24) + (-403)/(-78) + -4 a prime number?
False
Let k(c) = 70*c + 19. Let m be (-138)/161*(-14)/3. Suppose 0 = -m*n - f + 32, 2*n - 4*f - 34 = -0*n. Is k(n) composite?
True
Suppose -9*d = 26324 - 1176587. Is d a composite number?
False
Let c(k) = k**2 - 24. Let b be c(5). Is (78932/(-112))/(b + 18/(-16)) composite?
True
Suppose 2 = -8*d + 7*d - 3*o, -2*d = 2*o - 4. Suppose 3*l = -d*x + 2529, 0 = 15*l - 14*l - 5*x - 843. Is l composite?
True
Suppose 0 = -8*v + 198 + 426. Let l = v + 33. Is l composite?
True
Let j(y) = 449*y**3 + 5*y**2 - 8*y + 7. Let k be j(3). Suppose -5*h - 3266 = -k. Is h prime?
True
Suppose 5*y - 108733 = -4*b + 108078, 4*b - 216808 = -4*y. Is b a prime number?
False
Let m = 577478 - -1685864. Is m prime?
False
Let r = 5 - 1. Let u be -2 + r - 8/(-4). Suppose s + 7793 = 4*x, 7*x - 2*x - u*s - 9733 = 0. Is x a composite number?
False
Let z be -3 - 0 - 6993/(-7). Suppose 0 = 2*a + 706 - z. Is a composite?
True
Let h be (15/(-6))/(15/(-36)). Suppose -h*x - 10*x = -33168. Is x prime?
False
Suppose -44*g - 15 = -j - 39*g, -4*j + 4*g = -44. Is -6124*((-45)/j + 4) composite?
True
Let q(u) = 15*u**2 - 7*u + 15. Let c be 3/9*16 - 6/18. Let v be q(c). Suppose -97 + v = 3*o. Is o a composite number?
True
Let d = -28777 + 131268. Is d composite?
True
Let h(s) = -s**3 + 9*s**2 + s - 7. Let u be h(9). Let a = -1506 + 1787. Suppose 0 = u*g - 3341 - a. Is g a prime number?
True
Suppose 22*v - 278856 = 10*v. Suppose 4*n = v + 750. Is n a prime number?
False
Let i be ((-18)/(-3))/3 + 5. Suppose 3*y + i = 2*j - 0*y, -2*j - 5*y - 1 = 0. Suppose 0*m + j*l = -2*m + 1566, 5*m - l = 3885. Is m a prime number?
False
Is (-32)/((-480)/2896035) + (-4)/2 a prime number?
False
Let x(w) = 0*w - 2 + 3 + 261*w**2 + 7*w - 6*w. Is x(-2) prime?
False
Let l(g) = -g**2 + 6*g + 33. Let p be l(9). Suppose 10*m - a = 9*m + 6611, -p = 3*a. Is m composite?
True
Suppose -4*n + 146 = -3*n. Suppose -q + 8436 = n. Suppose 5*g + 5*o = q, 5*g + 3*o - 7962 - 338 = 0. Is g a composite number?
False
Let w(y) = y**2 + 3*y + 7. Let c(r) = 2*r**3 - 5*r**2 + 2*r + 2. Let z be c(2). Suppose -5*n - 4 = -2*l, -z*l + 5*n = -4*l - 16. Is w(l) a composite number?
False
Suppose 2*d = 3*v - 396891, v - 20*d = -22*d + 132281. Is v composite?
True
Let t be ((70/15)/7)/(2/27). Suppose 4977 = t*x - 55170. Is x a composite number?
True
Let r(w) be the second derivative of -12*w**3 + 0 + 19*w - 35/2*w**2. Is r(-8) prime?
True
Suppose 3*o + 6 = 0, 2*c = 7*c + o - 8. Suppose 0 = 3*y - c*d - 21, 8*d = -y + 11*d + 7. Is y a composite num